t is the remainder when 17079 is divided by 4539?
3462
What is the remainder when 274924 is divided by 3827?
3207
What is the remainder when 1670529 is divided by 111?
90
What is the remainder when 19263 is divided by 5734?
2061
What is the remainder when 1249827 is divided by 4098?
4035
Calculate the remainder when 3905051 is divided by 17511.
98
Calculate the remainder when 108749 is divided by 18123.
11
What is the remainder when 2443034 is divided by 366?
350
Calculate the remainder when 3959743 is divided by 32193.
4
Calculate the remainder when 105092 is divided by 707.
456
Calculate the remainder when 257273529 is divided by 6419.
9
What is the remainder when 114088 is divided by 37961?
205
What is the remainder when 1684901 is divided by 3343?
29
What is the remainder when 21488 is divided by 7008?
464
What is the remainder when 198882830 is divided by 704?
14
What is the remainder when 5697634 is divided by 38?
28
Calculate the remainder when 75566232 is divided by 18891553.
20
What is the remainder when 1856553 is divided by 73?
17
Calculate the remainder when 33210956 is divided by 97.
96
Calculate the remainder when 36809740 is divided by 29.
11
Calculate the remainder when 65581919 is divided by 1410.
1409
What is the remainder when 8106107 is divided by 65?
22
Calculate the remainder when 2378853 is divided by 454.
347
What is the remainder when 1528124 is divided by 84?
80
Calculate the remainder when 1727165 is divided by 1672.
1661
What is the remainder when 12956528 is divided by 1275?
1253
Calculate the remainder when 9097398 is divided by 100.
98
What is the remainder when 529042 is divided by 389?
2
What is the remainder when 718266 is divided by 8550?
66
What is the remainder when 1028710 is divided by 171448?
22
What is the remainder when 19013638 is divided by 252?
238
What is the remainder when 816961 is divided by 167?
164
Calculate the remainder when 78380378 is divided by 4473.
4472
What is the remainder when 2498936 is divided by 2498912?
24
Calculate the remainder when 59107 is divided by 59095.
12
Calculate the remainder when 12332 is divided by 9165.
3167
Calculate the remainder when 119273 is divided by 217.
140
What is the remainder when 27274989 is divided by 70?
49
What is the remainder when 25016537 is divided by 8338842?
11
What is the remainder when 589359783 is divided by 38?
37
What is the remainder when 708362 is divided by 141567?
527
What is the remainder when 3199672 is divided by 197?
195
What is the remainder when 4095461 is divided by 222?
5
Calculate the remainder when 25831 is divided by 2308.
443
What is the remainder when 2104389 is divided by 2104279?
110
Calculate the remainder when 13944 is divided by 1045.
359
Calculate the remainder when 1333796 is divided by 78405.
911
Calculate the remainder when 19549 is divided by 2868.
2341
Calculate the remainder when 1061883 is divided by 151696.
11
Calculate the remainder when 455499 is divided by 10102.
909
What is the remainder when 1177223 is divided by 10061?
86
What is the remainder when 943326 is divided by 19?
14
Calculate the remainder when 887274 is divided by 772.
246
What is the remainder when 103723 is divided by 2026?
397
Calculate the remainder when 481492 is divided by 38.
32
What is the remainder when 213837 is divided by 42675?
462
Calculate the remainder when 3095671 is divided by 17.
5
What is the remainder when 1113861 is divided by 688?
677
Calculate the remainder when 11936787 is divided by 76.
75
What is the remainder when 81969 is divided by 2884?
1217
Calculate the remainder when 3075 is divided by 1863.
1212
Calculate the remainder when 374057 is divided by 801.
791
Calculate the remainder when 3522078 is divided by 836.
10
Calculate the remainder when 562508 is divided by 2519.
771
Calculate the remainder when 22907156 is divided by 180.
176
What is the remainder when 22796710 is divided by 674?
8
Calculate the remainder when 179015 is divided by 2259.
554
Calculate the remainder when 144212 is divided by 93.
62
Calculate the remainder when 20033998 is divided by 36.
34
Calculate the remainder when 23612 is divided by 5715.
752
What is the remainder when 202963 is divided by 5600?
1363
Calculate the remainder when 816012 is divided by 54181.
3297
What is the remainder when 498646 is divided by 2834?
2696
Calculate the remainder when 141071697 is divided by 2170.
2167
What is the remainder when 9004609 is divided by 2251121?
125
What is the remainder when 77652746 is divided by 5250?
5246
What is the remainder when 124629740 is divided by 12052?
8
What is the remainder when 121928666 is divided by 10?
6
What is the remainder when 14205362 is divided by 289905?
17
Calculate the remainder when 2944087 is divided by 1942.
15
What is the remainder when 22816 is divided by 1697?
755
What is the remainder when 5204171 is divided by 236553?
5
What is the remainder when 24528838 is divided by 142609?
90
Calculate the remainder when 94073127 is divided by 30.
27
What is the remainder when 1474743 is divided by 6068?
219
Calculate the remainder when 1222 is divided by 205.
197
What is the remainder when 338797 is divided by 10490?
3117
What is the remainder when 71675895 is divided by 7?
4
What is the remainder when 20810 is divided by 20488?
322
What is the remainder when 2950338 is divided by 2950272?
66
What is the remainder when 411403 is divided by 17877?
232
What is the remainder when 22249798 is divided by 3156?
3154
Calculate the remainder when 3576290 is divided by 3576272.
18
What is the remainder when 797272 is divided by 3889?
27
What is the remainder when 152047 is divided by 124?
23
What is the remainder when 5404191 is divided by 18?
15
Calculate the remainder when 5624884 is divided by 14.
6
Calculate the remainder when 144571043 is divided by 19005.
8
What is the remainder when 5242518 is divided by 3495?
18
Calculate the remainder when 2702050 is divided by 3131.
3128
Calculate the remainder when 9273022 is divided by 28709.
15
What is the remainder when 30554158 is divided by 1456?
1454
Calculate the remainder when 1242506 is divided by 18005.
161
What is the remainder when 24521051 is divided by 3065127?
35
What is the remainder when 33281969 is divided by 1817?
1797
Calculate the remainder when 52305809 is divided by 52.
49
Calculate the remainder when 57134270 is divided by 16.
14
Calculate the remainder when 18865192 is divided by 3901.
3857
What is the remainder when 4867981 is divided by 1027?
1
Calculate the remainder when 90921982 is divided by 139.
136
What is the remainder when 9083015 is divided by 9083010?
5
What is the remainder when 4860570 is divided by 31358?
80
What is the remainder when 190425 is divided by 670?
145
What is the remainder when 499734 is divided by 6381?
2016
What is the remainder when 23077060 is divided by 628?
572
What is the remainder when 382298 is divided by 381417?
881
Calculate the remainder when 4425113 is divided by 295007.
8
Calculate the remainder when 2707622 is divided by 723.
710
What is the remainder when 2304164 is divided by 96004?
68
What is the remainder when 401994 is divided by 4902?
30
Calculate the remainder when 7352 is divided by 6899.
453
What is the remainder when 3149534 is divided by 57264?
14
Calculate the remainder when 403755 is divided by 166.
43
Calculate the remainder when 256595 is divided by 6751.
57
What is the remainder when 1258097 is divided by 115?
112
Calculate the remainder when 5106735 is divided by 4361.
4
What is the remainder when 322864 is divided by 1320?
784
What is the remainder when 9551240 is divided by 1403?
1019
Calculate the remainder when 468166 is divided by 2754.
2740
Calculate the remainder when 1060251 is divided by 37861.
143
What is the remainder when 34883807 is divided by 494?
491
Calculate the remainder when 114822 is divided by 56861.
1100
Calculate the remainder when 389166 is divided by 100.
66
Calculate the remainder when 1612375 is divided by 2626.
11
What is the remainder when 443021 is divided by 4429?
121
Calculate the remainder when 18633 is divided by 9246.
141
Calculate the remainder when 5492481 is divided by 1747.
1660
Calculate the remainder when 7445 is divided by 2379.
308
Calculate the remai